 is the thousands digit of 111418577?
8
What is the ten millions digit of 867396989?
6
What is the hundred thousands digit of 27558706?
5
What is the thousands digit of 220620803?
0
What is the units digit of 12918213?
3
What is the hundred thousands digit of 87723486?
7
What is the ten thousands digit of 373389869?
8
What is the ten thousands digit of 5760656043?
5
What is the hundred millions digit of 897496368?
8
What is the ten millions digit of 56819001?
5
What is the hundred thousands digit of 8528818?
5
What is the millions digit of 98555760?
8
What is the millions digit of 86707200?
6
What is the thousands digit of 2161044887?
4
What is the hundreds digit of 9552629?
6
What is the units digit of 3786443915?
5
What is the ten thousands digit of 34026334?
2
What is the hundred thousands digit of 498678107?
6
What is the thousands digit of 7136789?
6
What is the hundred thousands digit of 3582426515?
4
What is the hundred thousands digit of 218689288?
6
What is the hundred thousands digit of 1205172076?
1
What is the billions digit of 2684390156?
2
What is the units digit of 211306?
6
What is the ten millions digit of 4429693504?
2
What is the tens digit of 5224686786?
8
What is the ten thousands digit of 1691649758?
4
What is the units digit of 38501832?
2
What is the millions digit of 624163026?
4
What is the hundred millions digit of 1471193639?
4
What is the hundred thousands digit of 802507032?
5
What is the hundreds digit of 532703245?
2
What is the units digit of 7807625?
5
What is the units digit of 263689890?
0
What is the thousands digit of 405348016?
8
What is the ten thousands digit of 39913066?
1
What is the ten thousands digit of 2585311030?
1
What is the millions digit of 695481167?
5
What is the hundred thousands digit of 6714355448?
3
What is the thousands digit of 105651483?
1
What is the ten millions digit of 376166502?
7
What is the thousands digit of 22048659?
8
What is the millions digit of 1274391149?
4
What is the hundred thousands digit of 967139177?
1
What is the hundred thousands digit of 1242814698?
8
What is the units digit of 1334419231?
1
What is the millions digit of 112207193?
2
What is the ten thousands digit of 132945535?
4
What is the millions digit of 9720058?
9
What is the hundred millions digit of 129514727?
1
What is the ten millions digit of 97496055?
9
What is the thousands digit of 610753965?
3
What is the millions digit of 169685196?
9
What is the ten millions digit of 28276774?
2
What is the millions digit of 505456068?
5
What is the thousands digit of 660352538?
2
What is the units digit of 432976438?
8
What is the ten thousands digit of 44002080?
0
What is the ten millions digit of 86271469?
8
What is the hundred millions digit of 734709902?
7
What is the hundreds digit of 102227607?
6
What is the hundred thousands digit of 1009936632?
9
What is the hundred thousands digit of 232960074?
9
What is the thousands digit of 1145621502?
1
What is the tens digit of 1822061418?
1
What is the thousands digit of 305158773?
8
What is the tens digit of 239276305?
0
What is the hundred thousands digit of 331516092?
5
What is the hundred thousands digit of 446098527?
0
What is the hundred millions digit of 605378476?
6
What is the billions digit of 1368401063?
1
What is the ten millions digit of 121132729?
2
What is the hundred thousands digit of 6110173869?
1
What is the hundreds digit of 20261028?
0
What is the ten millions digit of 3862600034?
6
What is the thousands digit of 441186527?
6
What is the thousands digit of 46024030?
4
What is the thousands digit of 60504063?
4
What is the hundred millions digit of 1191699034?
1
What is the millions digit of 83811805?
3
What is the hundreds digit of 26082861?
8
What is the units digit of 93304030?
0
What is the hundreds digit of 88731319?
3
What is the tens digit of 244777712?
1
What is the ten millions digit of 2218040885?
1
What is the thousands digit of 6175125684?
5
What is the units digit of 132346799?
9
What is the units digit of 393226290?
0
What is the hundred thousands digit of 300371878?
3
What is the billions digit of 2157805810?
2
What is the thousands digit of 154534300?
4
What is the units digit of 1878291313?
3
What is the ten thousands digit of 34795137?
9
What is the millions digit of 303916377?
3
What is the ten millions digit of 57666923?
5
What is the millions digit of 121347211?
1
What is the hundred thousands digit of 84380361?
3
What is the tens digit of 43612160?
6
What is the ten millions digit of 57476433?
5
What is the ten millions digit of 248075900?
4
What is the hundred thousands digit of 188667536?
6
What is the units digit of 176393767?
7
What is the hundreds digit of 150276389?
3
What is the millions digit of 100606879?
0
What is the hundred thousands digit of 2044869423?
8
What is the units digit of 3073058147?
7
What is the ten thousands digit of 14595465?
9
What is the tens digit of 1075438542?
4
What is the hundreds digit of 112751174?
1
What is the units digit of 47500820?
0
What is the hundreds digit of 918408576?
5
What is the hundreds digit of 49781575?
5
What is the units digit of 282730299?
9
What is the hundred thousands digit of 319967133?
9
What is the ten thousands digit of 120611736?
1
What is the tens digit of 103349343?
4
What is the hundred millions digit of 840702871?
8
What is the hundred thousands digit of 128606200?
6
What is the units digit of 17850129?
9
What is the hundred millions digit of 613386512?
6
What is the billions digit of 1704084885?
1
What is the hundreds digit of 7872683925?
9
What is the millions digit of 1971810852?
1
What is the thousands digit of 137963409?
3
What is the ten millions digit of 1042743102?
4
What is the ten thousands digit of 134732616?
3
What is the hundred thousands digit of 49411225?
4
What is the hundreds digit of 13223611?
6
What is the ten millions digit of 116160606?
1
What is the hundred thousands digit of 6286937?
2
What is the hundred thousands digit of 3653595604?
5
What is the ten millions digit of 3850434239?
5
What is the units digit of 1142731887?
7
What is the units digit of 146811948?
8
What is the hundreds digit of 2081952646?
6
What is the thousands digit of 437838162?
8
What is the hundred thousands digit of 25718875?
7
What is the hundreds digit of 70628249?
2
What is the hundreds digit of 44220539?
5
What is the ten thousands digit of 301362817?
6
What is the hundreds digit of 459993967?
9
What is the millions digit of 578961318?
8
What is the hundreds digit of 15306548?
5
What is the tens digit of 3583196943?
4
What is the ten millions digit of 273466584?
7
What is the hundreds digit of 41422960?
9
What is the hundreds digit of 1231615683?
6
What is the ten thousands digit of 3685565816?
6
What is the millions digit of 2271859766?
1
What is the hundred thousands digit of 335082877?
0
What is the thousands digit of 3338967?
8
What is the ten thousands digit of 2157697189?
9
What is the hundred millions digit of 1208964993?
2
What is the units digit of 5890488?
8
What is the ten millions digit of 3389141579?
8
What is the hundreds digit of 861306910?
9
What is the hundreds digit of 198108649?
6
What is the ten thousands digit of 1963284569?
8
What is the hundreds digit of 46272062?
0
What is the tens digit of 472725373?
7
What is the millions digit of 1749223288?
9
What is the hundred millions digit of 4021266277?
0
What is the thousands digit of 210925406?
5
What is the thousands digit of 59064591?
4
What is the thousands digit of 135798786?
8
What is the millions digit of 15503564?
5
What is the hundreds digit of 277387233?
2
What is the ten thousands digit of 528949779?
4
What is the tens digit of 1884143552?
5
What is the hundred thousands digit of 1515654?
5
What is the ten thousands digit of 1147744132?
4
What is the thousands digit of 198887711?
7
What is the ten thousands digit of 448552376?
5
What is the thousands digit of 512486430?
6
What is the ten millions digit of 4917961742?
1
What is the thousands digit of 288549972?
9
What is the billions digit of 1037150209?
1
What is the tens digit of 640122542?
4
What is the tens digit of 6948632196?
9
What is the ten millions digit of 307851320?
0
What is the tens digit of 512410295?
9
What